 the prime factors of f.
13
Let p(w) = -2 - 1 + 3*w - w**2 - 4 - 13*w. List the prime factors of p(-7).
2, 7
Let q = 48 + 34. Let u = 129 - q. List the prime factors of u.
47
Let f = 63 + -25. What are the prime factors of f?
2, 19
Suppose r + 7*u - 2*u = 24, -5*r + 40 = 5*u. What are the prime factors of 1/(r/(-2 - -30))?
7
Let f(w) = -w**3 + 7*w**2 - 5*w - 1. Let b be f(6). Suppose b*h + 18 = 118. Suppose z + 15 = v + 4*v, -4*v + h = 0. List the prime factors of z.
2, 5
Let u(x) = x - 2. Let a be u(-9). Let j(z) = z**3 + 10*z**2 - 13*z - 1. What are the prime factors of j(a)?
3, 7
Suppose -1600 = -5*s + k, 4*s - 1109 = 3*k + 160. List the prime factors of s.
3, 107
Let o be (-1)/((-14)/6 + 2). What are the prime factors of o/(-9) - 31/(-3)?
2, 5
Suppose -2*f - 5*k = -55, -57 = -5*f + 2*k + 66. Let m = 36 - f. List the prime factors of m.
11
Suppose 0 = 3*f + 6, -9 = -i + 3*f + 105. List the prime factors of i.
2, 3
Suppose -19 = -3*s + 101. Suppose q - 4*t - 5 = 0, -4*q + 15 = -q - 3*t. Suppose 0*d = -q*d + s. List the prime factors of d.
2
Suppose -7*p = -2*p - 535. What are the prime factors of p?
107
Let p(b) = -79*b**3 - 2*b**2 + 2*b - 1. Let w be p(1). What are the prime factors of (4/(-10))/(2/w)?
2
Suppose 0 = -2*t + 5*t. Let r(b) = t*b + 0*b + b + 4*b**2. List the prime factors of r(-1).
3
Suppose -4*r + 24 = -4*m, -2*m - r = -5*r + 18. What are the prime factors of ((-42)/m)/((-1)/(-4))?
2, 7
Let t(a) = 8*a - 1. Let x be t(2). Let c be 4/(-6) + x/9. Let m = 5 + c. List the prime factors of m.
2, 3
Let y be 0 - (-12)/(-4)*-4. List the prime factors of (-3)/(-4) + 75/y.
7
Let i = -46 - -66. List the prime factors of i.
2, 5
Let l(u) = 2*u**2 - 3*u - 1. What are the prime factors of l(-3)?
2, 13
Suppose 0 = 3*d - 9, 6*d = -4*g + 3*d + 277. List the prime factors of g.
67
Let u = 7 - 10. Let f = u + 6. List the prime factors of f.
3
Let u = 201 - 70. List the prime factors of u.
131
Suppose 57 = -9*a + 12*a. What are the prime factors of a?
19
Let q = 184 + -65. Suppose x - 35 = 2*k, k + q = 5*x - 47. What are the prime factors of x?
3, 11
Let b(x) = -3*x**3. Let z(k) = -k**3 + 4*k**2 + 5*k + 5. Let t be z(5). Suppose 0 - 5 = t*p. What are the prime factors of b(p)?
3
Suppose 0 = -2*p + 3*p. Suppose -3*z + p*z = -57. List the prime factors of z.
19
Suppose 0 = -3*u - 12, 365 = -4*j - 4*u + 1453. What are the prime factors of j?
2, 3, 23
Suppose 2*w - 46 = -4*x, -x - 4*x + 15 = 0. What are the prime factors of w?
17
Let o(s) = 3*s**2 + 3*s - 15. What are the prime factors of o(-8)?
3, 17
Suppose 5*g = 2*p - 1, 3*p + 2*g - 10 = g. Suppose 0*n + p*n = 12. Suppose 2 - 38 = -n*j. List the prime factors of j.
3
Let q(z) = z**2 - 8*z + 5. Let l be q(7). What are the prime factors of 0/(-3) - (l + -1)?
3
Let i be (-1)/(-3) + 715/15. What are the prime factors of i/9*3/2?
2
Let b be (-3 - -1) + 105/(-15). What are the prime factors of 1 + b/3 - -26?
2, 3
Let w = -10 - -15. Suppose -137 = -w*j - f, -3*j + 0*j - 2*f + 78 = 0. List the prime factors of j.
2, 7
Let s = -14 + 67. What are the prime factors of s?
53
Suppose 2*y - 132 = k + 56, -5*k + 308 = 3*y. List the prime factors of y.
2, 3
Let p(s) = -s**2 - 12*s + 2. What are the prime factors of p(-6)?
2, 19
Let h = 3 + -21. Let y = h - -26. What are the prime factors of y?
2
Let s(b) be the second derivative of 13*b**3/6 - b**2/2 - 4*b. What are the prime factors of s(1)?
2, 3
Suppose 3*s - 1 = 5*h + 39, 4*s - 72 = 2*h. Let y be -3*1/(3/13). Let t = y + s. List the prime factors of t.
7
Suppose 405*k + 285 = 406*k. What are the prime factors of k?
3, 5, 19
Let q(d) be the second derivative of -d**4/12 + d**3/3 + 5*d**2/2 - 2*d. Let i be q(4). What are the prime factors of (-50)/i + 6/18?
17
Let i = 677 - 456. List the prime factors of i.
13, 17
Let f(l) = 2*l - 3. Let x be f(3). Let c(j) = -j**2 - j**3 + 2*j**x + 5 + 3. What are the prime factors of c(0)?
2
Let i = 7 + 94. What are the prime factors of i?
101
Suppose -2*w + 5*o = 26, -6*w + o = -2*w + 34. What are the prime factors of (-112)/w + 2*1?
2
Let u be 2/2 - 3/(-3). Suppose 5*o - 24 = u*y, -y + 9 = -0*o + o. List the prime factors of o.
2, 3
Suppose -3*t + 3*f = -0*t - 420, f - 265 = -2*t. List the prime factors of t.
3, 5
Suppose -5*p = 25, -4*w + 5*w + p = 14. What are the prime factors of w?
19
Let q = 36 + -18. What are the prime factors of -3 + 5 - q/(-2)?
11
Let d(n) = -10*n - 42. What are the prime factors of d(-12)?
2, 3, 13
What are the prime factors of 60 + 3/(-6)*4?
2, 29
Suppose -k = -0*k. Let c = 1 - k. List the prime factors of (-1)/(c*2/(-34)).
17
Let a = 280 + -160. Suppose -3*s = 5*v + 2*s - a, v + 4*s = 33. What are the prime factors of v?
3, 7
Let s be 0 + 3 - (-28)/(-7). Let f = 2 - s. Suppose -11 = -f*o + 34. What are the prime factors of o?
3, 5
List the prime factors of 12/90*84 - (-1)/(-5).
11
Let t(o) = 7*o**3 + o**2 - o - 1. Let z be t(-1). Let q be (8/3)/(z/(-9)). List the prime factors of (-1)/((1/(-1))/q).
2
Let x = -3 + 4. Let u be (11 - x) + (2 - 2). Suppose u = 4*y + y. What are the prime factors of y?
2
Suppose 3*n = -d + 329, -2*d + 228 = 2*n + 3*d. Suppose -4*c - 3*l - 13 = -n, -100 = -4*c - 2*l. What are the prime factors of c?
3
Suppose -5*a = -4*w + 30, -5*w + 2*w + 40 = 5*a. Suppose -f = -0 - w. Suppose 5*m - 30 = f. What are the prime factors of m?
2
List the prime factors of -18 - -16 - (2 + -118).
2, 3, 19
Suppose 4*r + i - 184 = 0, 0 = -2*r + r + 5*i + 67. What are the prime factors of r?
47
Let h = 14 + 7. Let z = 0 + h. List the prime factors of z.
3, 7
Let v be (-3)/((-10)/(-4) - 1). List the prime factors of (5/v)/(6/(-36)).
3, 5
Let o be 16 - 5/((-10)/(-6)). Let j = 22 - o. List the prime factors of j.
3
Let v = 188 + -97. Suppose -v = -3*p + 20. List the prime factors of p.
37
Let s(x) = -2*x**3 - 15*x**2 + 21*x + 11. Let o(b) = b**3 + 8*b**2 - 11*b - 6. Let m(q) = 5*o(q) + 2*s(q). List the prime factors of m(-11).
2, 7
Let d(p) = -4 + 7*p + 5 - 3. List the prime factors of d(2).
2, 3
Let q = -123 - -187. What are the prime factors of q?
2
What are the prime factors of 2/(16/(-6))*-72?
2, 3
Suppose -4*y + 33 = -7*y. Let o = 6 + 16. Let c = o + y. List the prime factors of c.
11
Let w = 72 - 41. What are the prime factors of w?
31
Let a be 37/5 + 6/10. What are the prime factors of (a/(-14))/(6/(-21))?
2
Let c(b) = -b**2 + 6*b + 4. Let m be 301/63 - 2/(-9). Let a be c(m). List the prime factors of (6/a)/((-6)/(-63)).
7
Suppose -g = -0*g - 11. Suppose -g = -3*j + 31. What are the prime factors of j?
2, 7
Let u(n) = 2*n - 5. Let h(v) = -v + 18. Suppose -4*r + r + 27 = 0. Let j be h(r). List the prime factors of u(j).
13
Let h(y) = 187*y**2 - 2*y + 2. List the prime factors of h(1).
11, 17
Let m(j) = -2*j**2 - 14*j + 12. Let h be m(-11). What are the prime factors of h/(-3) - (-5)/(-15)?
5
Suppose -87 = -p + 146. What are the prime factors of p?
233
Let b(v) = -v**3 + v**2 + 2*v + 66. List the prime factors of b(0).
2, 3, 11
Let s(l) = -2*l - 4. Let z be s(-3). Let w(k) = k**3 - k - 2. Let v be w(z). Suppose -4*c = 2*d, v*c + 18 = 6. List the prime factors of d.
2, 3
Let s = -279 + 500. What are the prime factors of s?
13, 17
Let c = 83 + -26. Let y = c + -38. List the prime factors of y.
19
What are the prime factors of 2/(4/(-1))*(5 + -119)?
3, 19
Let h be -2*(-2)/4*0. Suppose -3*w + h*w - 21 = 0. Let d(u) = u**3 + 8*u**2 + 6*u + 2. What are the prime factors of d(w)?
3
Suppose -4*m + m = -5*s - 10, -m = 3*s - 8. Suppose 2*d = -m*r - d + 161, -89 = -3*r + 2*d. What are the prime factors of r?
31
Suppose 2*g + 5*c + 15 = 260, 0 = -3*g + 2*c + 396. What are the prime factors of g?
2, 5, 13
Suppose -5*n = 43 + 32. Let s = 16 - n. List the prime factors of s.
31
Let z(a) = a**3 - 7*a**2 + 5*a + 6. Let q be z(6). What are the prime factors of 1/(q + (-1)/(-25))?
5
Let q(i) = i**2 - 6*i + 3. Let s(r) = 2*r**2 - 4*r + 1. Let t be s(3). What are the prime factors of q(t)?
2, 5
Suppose -3*b - 11 - 4 = 0. Suppose 7*h - 54 + 5 = 0. Let o = h + b. List the prime factors of o.
2
Let h be ((-9)/3 - -1) + -31. What are the prime factors of (h/(-6))/(1/2)?
11
Let k(n) = n**2 + 9*n. Let t(c) = -c - 1. Let m(i) = k(i) + 6*t(i). Let s be m(-5). Suppose 0 = -r + s*r - 9. What are the prime factors of r?